{"id":297,"date":"2022-02-05T16:20:26","date_gmt":"2022-02-05T16:20:26","guid":{"rendered":"https:\/\/mainznagelstudio.de\/?page_id=297"},"modified":"2022-02-05T16:20:45","modified_gmt":"2022-02-05T16:20:45","slug":"hygiene-desinfektion","status":"publish","type":"page","link":"https:\/\/mainznagelstudio.de\/?page_id=297","title":{"rendered":"Hygiene &#038; Desinfektion"},"content":{"rendered":"\n<p><\/p>\n\n\n\n<p>Nicht erst seit Corona ist die konsequente Durchf\u00fchrung und Einhaltung von Hygienema\u00dfnahmen f\u00fcr uns eine Selbverst\u00e4ndlichkeit.<\/p>\n\n\n\n<p>Wie in jedem Bereich der Kosmetik ist es auch in der Nagelkosmetik wichtig und unerl\u00e4sslich einige pr\u00e4ventive Ma\u00dfnahmen zu treffen, denn auch hier k\u00f6nnen Krankheiten wie Mykosen, Hepatitis oder Aids \u00fcbertragen werden.<\/p>\n\n\n\n<p>F\u00fcr das Gebiet der K\u00f6rper- und Sch\u00f6nheitspflege besteht eine Hygieneverordnung, die vom Bundesgesundheitsamt herausgegeben und von der Deutschen Gesellschaft f\u00fcr Hygiene und Mikrobiologie anerkannt ist. Ger\u00e4te und Instrumente, sowie die H\u00e4nde und die Arbeitsfl\u00e4che m\u00fcssen nach jeder Kundin gereinigt und mit daf\u00fcr anerkannten Desinfektionsmitteln desinfiziert werden.<\/p>\n\n\n\n<p>DAS NAGELSTUDIO richtet sich nach dieser Verordnung und bietet zus\u00e4tzlich f\u00fcr jede Kundin ein eigenes Feilenset um so einer m\u00f6glichen \u00dcbertragung von Keimen und Bakterien vorzubeugen. Zus\u00e4tzlich verf\u00fcgt jeder Arbeitsplatz \u00fcber eine Absauganlage um die anfallenden Feilr\u00fcckst\u00e4nde zu minimieren.<\/p>\n\n\n\n<hr class=\"wp-block-separator\"\/>\n\n\n\n<p><strong>Besonderheiten:<\/strong><\/p>\n\n\n\n<p>Bei der Erstbehandlung erwirbt jede Kundin ihr eigenes Feilenset, damit keine Krankheiten (wie z.B. ein Nagelpilz) \u00fcbertragen werden k\u00f6nnen. Diese Nagelfeilen k\u00f6nnen bei uns deponiert werden, sie sind das Eigentum der Kundin.<\/p>\n","protected":false},"excerpt":{"rendered":"<p>Nicht erst seit Corona ist die konsequente Durchf\u00fchrung und Einhaltung von Hygienema\u00dfnahmen f\u00fcr uns eine Selbverst\u00e4ndlichkeit. Wie in jedem Bereich der Kosmetik ist es auch in der Nagelkosmetik wichtig und unerl\u00e4sslich einige pr\u00e4ventive Ma\u00dfnahmen zu treffen, denn auch hier k\u00f6nnen Krankheiten wie Mykosen, Hepatitis oder Aids \u00fcbertragen werden. F\u00fcr das Gebiet der K\u00f6rper- und Sch\u00f6nheitspflege &hellip; <\/p>\n<p class=\"link-more\"><a href=\"https:\/\/mainznagelstudio.de\/?page_id=297\" class=\"more-link\"><span class=\"screen-reader-text\">\u201eHygiene &#038; Desinfektion\u201c <\/span>weiterlesen<\/a><\/p>\n","protected":false},"author":1,"featured_media":0,"parent":0,"menu_order":0,"comment_status":"closed","ping_status":"closed","template":"","meta":{"_themeisle_gutenberg_block_has_review":false,"footnotes":""},"class_list":["post-297","page","type-page","status-publish","hentry","gallery-content-unit"],"yoast_head":"<!-- This site is optimized with the Yoast SEO plugin v27.3 - https:\/\/yoast.com\/product\/yoast-seo-wordpress\/ -->\n<title>Hygiene &amp; Desinfektion - DAS NAGELSTUDIO<\/title>\n<meta name=\"robots\" content=\"index, follow, max-snippet:-1, max-image-preview:large, max-video-preview:-1\" \/>\n<link rel=\"canonical\" href=\"https:\/\/mainznagelstudio.de\/?page_id=297\" \/>\n<meta property=\"og:locale\" content=\"de_DE\" \/>\n<meta property=\"og:type\" content=\"article\" \/>\n<meta property=\"og:title\" content=\"Hygiene &amp; Desinfektion - DAS NAGELSTUDIO\" \/>\n<meta property=\"og:description\" content=\"Nicht erst seit Corona ist die konsequente Durchf\u00fchrung und Einhaltung von Hygienema\u00dfnahmen f\u00fcr uns eine Selbverst\u00e4ndlichkeit. Wie in jedem Bereich der Kosmetik ist es auch in der Nagelkosmetik wichtig und unerl\u00e4sslich einige pr\u00e4ventive Ma\u00dfnahmen zu treffen, denn auch hier k\u00f6nnen Krankheiten wie Mykosen, Hepatitis oder Aids \u00fcbertragen werden. F\u00fcr das Gebiet der K\u00f6rper- und Sch\u00f6nheitspflege &hellip; \u201eHygiene &#038; Desinfektion\u201c weiterlesen\" \/>\n<meta property=\"og:url\" content=\"https:\/\/mainznagelstudio.de\/?page_id=297\" \/>\n<meta property=\"og:site_name\" content=\"DAS NAGELSTUDIO\" \/>\n<meta property=\"article:publisher\" content=\"https:\/\/www.facebook.com\/DasNagelstudioMainz\" \/>\n<meta property=\"article:modified_time\" content=\"2022-02-05T16:20:45+00:00\" \/>\n<meta name=\"twitter:card\" content=\"summary_large_image\" \/>\n<meta name=\"twitter:label1\" content=\"Gesch\u00e4tzte Lesezeit\" \/>\n\t<meta name=\"twitter:data1\" content=\"1\u00a0Minute\" \/>\n<script type=\"application\/ld+json\" class=\"yoast-schema-graph\">{\"@context\":\"https:\\\/\\\/schema.org\",\"@graph\":[{\"@type\":\"WebPage\",\"@id\":\"https:\\\/\\\/mainznagelstudio.de\\\/?page_id=297\",\"url\":\"https:\\\/\\\/mainznagelstudio.de\\\/?page_id=297\",\"name\":\"Hygiene & Desinfektion - DAS NAGELSTUDIO\",\"isPartOf\":{\"@id\":\"https:\\\/\\\/mainznagelstudio.de\\\/#website\"},\"datePublished\":\"2022-02-05T16:20:26+00:00\",\"dateModified\":\"2022-02-05T16:20:45+00:00\",\"breadcrumb\":{\"@id\":\"https:\\\/\\\/mainznagelstudio.de\\\/?page_id=297#breadcrumb\"},\"inLanguage\":\"de\",\"potentialAction\":[{\"@type\":\"ReadAction\",\"target\":[\"https:\\\/\\\/mainznagelstudio.de\\\/?page_id=297\"]}]},{\"@type\":\"BreadcrumbList\",\"@id\":\"https:\\\/\\\/mainznagelstudio.de\\\/?page_id=297#breadcrumb\",\"itemListElement\":[{\"@type\":\"ListItem\",\"position\":1,\"name\":\"Startseite\",\"item\":\"https:\\\/\\\/mainznagelstudio.de\\\/\"},{\"@type\":\"ListItem\",\"position\":2,\"name\":\"Hygiene &#038; Desinfektion\"}]},{\"@type\":\"WebSite\",\"@id\":\"https:\\\/\\\/mainznagelstudio.de\\\/#website\",\"url\":\"https:\\\/\\\/mainznagelstudio.de\\\/\",\"name\":\"DAS NAGELSTUDIO\",\"description\":\"Damit Ihre Sch\u00f6nheit nicht beim Make-up aufh\u00f6rt!\",\"publisher\":{\"@id\":\"https:\\\/\\\/mainznagelstudio.de\\\/#organization\"},\"potentialAction\":[{\"@type\":\"SearchAction\",\"target\":{\"@type\":\"EntryPoint\",\"urlTemplate\":\"https:\\\/\\\/mainznagelstudio.de\\\/?s={search_term_string}\"},\"query-input\":{\"@type\":\"PropertyValueSpecification\",\"valueRequired\":true,\"valueName\":\"search_term_string\"}}],\"inLanguage\":\"de\"},{\"@type\":\"Organization\",\"@id\":\"https:\\\/\\\/mainznagelstudio.de\\\/#organization\",\"name\":\"DAS NAGELSTUDIO\",\"url\":\"https:\\\/\\\/mainznagelstudio.de\\\/\",\"logo\":{\"@type\":\"ImageObject\",\"inLanguage\":\"de\",\"@id\":\"https:\\\/\\\/mainznagelstudio.de\\\/#\\\/schema\\\/logo\\\/image\\\/\",\"url\":\"https:\\\/\\\/mainznagelstudio.de\\\/wp-content\\\/uploads\\\/2021\\\/09\\\/cropped-Schaufenster-gross-seite-scaled-1.jpg\",\"contentUrl\":\"https:\\\/\\\/mainznagelstudio.de\\\/wp-content\\\/uploads\\\/2021\\\/09\\\/cropped-Schaufenster-gross-seite-scaled-1.jpg\",\"width\":2000,\"height\":1507,\"caption\":\"DAS NAGELSTUDIO\"},\"image\":{\"@id\":\"https:\\\/\\\/mainznagelstudio.de\\\/#\\\/schema\\\/logo\\\/image\\\/\"},\"sameAs\":[\"https:\\\/\\\/www.facebook.com\\\/DasNagelstudioMainz\",\"https:\\\/\\\/www.instagram.com\\\/dasnagelstudio\"]}]}<\/script>\n<!-- \/ Yoast SEO plugin. -->","yoast_head_json":{"title":"Hygiene & Desinfektion - DAS NAGELSTUDIO","robots":{"index":"index","follow":"follow","max-snippet":"max-snippet:-1","max-image-preview":"max-image-preview:large","max-video-preview":"max-video-preview:-1"},"canonical":"https:\/\/mainznagelstudio.de\/?page_id=297","og_locale":"de_DE","og_type":"article","og_title":"Hygiene & Desinfektion - DAS NAGELSTUDIO","og_description":"Nicht erst seit Corona ist die konsequente Durchf\u00fchrung und Einhaltung von Hygienema\u00dfnahmen f\u00fcr uns eine Selbverst\u00e4ndlichkeit. Wie in jedem Bereich der Kosmetik ist es auch in der Nagelkosmetik wichtig und unerl\u00e4sslich einige pr\u00e4ventive Ma\u00dfnahmen zu treffen, denn auch hier k\u00f6nnen Krankheiten wie Mykosen, Hepatitis oder Aids \u00fcbertragen werden. F\u00fcr das Gebiet der K\u00f6rper- und Sch\u00f6nheitspflege &hellip; \u201eHygiene &#038; Desinfektion\u201c weiterlesen","og_url":"https:\/\/mainznagelstudio.de\/?page_id=297","og_site_name":"DAS NAGELSTUDIO","article_publisher":"https:\/\/www.facebook.com\/DasNagelstudioMainz","article_modified_time":"2022-02-05T16:20:45+00:00","twitter_card":"summary_large_image","twitter_misc":{"Gesch\u00e4tzte Lesezeit":"1\u00a0Minute"},"schema":{"@context":"https:\/\/schema.org","@graph":[{"@type":"WebPage","@id":"https:\/\/mainznagelstudio.de\/?page_id=297","url":"https:\/\/mainznagelstudio.de\/?page_id=297","name":"Hygiene & Desinfektion - DAS NAGELSTUDIO","isPartOf":{"@id":"https:\/\/mainznagelstudio.de\/#website"},"datePublished":"2022-02-05T16:20:26+00:00","dateModified":"2022-02-05T16:20:45+00:00","breadcrumb":{"@id":"https:\/\/mainznagelstudio.de\/?page_id=297#breadcrumb"},"inLanguage":"de","potentialAction":[{"@type":"ReadAction","target":["https:\/\/mainznagelstudio.de\/?page_id=297"]}]},{"@type":"BreadcrumbList","@id":"https:\/\/mainznagelstudio.de\/?page_id=297#breadcrumb","itemListElement":[{"@type":"ListItem","position":1,"name":"Startseite","item":"https:\/\/mainznagelstudio.de\/"},{"@type":"ListItem","position":2,"name":"Hygiene &#038; Desinfektion"}]},{"@type":"WebSite","@id":"https:\/\/mainznagelstudio.de\/#website","url":"https:\/\/mainznagelstudio.de\/","name":"DAS NAGELSTUDIO","description":"Damit Ihre Sch\u00f6nheit nicht beim Make-up aufh\u00f6rt!","publisher":{"@id":"https:\/\/mainznagelstudio.de\/#organization"},"potentialAction":[{"@type":"SearchAction","target":{"@type":"EntryPoint","urlTemplate":"https:\/\/mainznagelstudio.de\/?s={search_term_string}"},"query-input":{"@type":"PropertyValueSpecification","valueRequired":true,"valueName":"search_term_string"}}],"inLanguage":"de"},{"@type":"Organization","@id":"https:\/\/mainznagelstudio.de\/#organization","name":"DAS NAGELSTUDIO","url":"https:\/\/mainznagelstudio.de\/","logo":{"@type":"ImageObject","inLanguage":"de","@id":"https:\/\/mainznagelstudio.de\/#\/schema\/logo\/image\/","url":"https:\/\/mainznagelstudio.de\/wp-content\/uploads\/2021\/09\/cropped-Schaufenster-gross-seite-scaled-1.jpg","contentUrl":"https:\/\/mainznagelstudio.de\/wp-content\/uploads\/2021\/09\/cropped-Schaufenster-gross-seite-scaled-1.jpg","width":2000,"height":1507,"caption":"DAS NAGELSTUDIO"},"image":{"@id":"https:\/\/mainznagelstudio.de\/#\/schema\/logo\/image\/"},"sameAs":["https:\/\/www.facebook.com\/DasNagelstudioMainz","https:\/\/www.instagram.com\/dasnagelstudio"]}]}},"_links":{"self":[{"href":"https:\/\/mainznagelstudio.de\/index.php?rest_route=\/wp\/v2\/pages\/297","targetHints":{"allow":["GET"]}}],"collection":[{"href":"https:\/\/mainznagelstudio.de\/index.php?rest_route=\/wp\/v2\/pages"}],"about":[{"href":"https:\/\/mainznagelstudio.de\/index.php?rest_route=\/wp\/v2\/types\/page"}],"author":[{"embeddable":true,"href":"https:\/\/mainznagelstudio.de\/index.php?rest_route=\/wp\/v2\/users\/1"}],"replies":[{"embeddable":true,"href":"https:\/\/mainznagelstudio.de\/index.php?rest_route=%2Fwp%2Fv2%2Fcomments&post=297"}],"version-history":[{"count":2,"href":"https:\/\/mainznagelstudio.de\/index.php?rest_route=\/wp\/v2\/pages\/297\/revisions"}],"predecessor-version":[{"id":299,"href":"https:\/\/mainznagelstudio.de\/index.php?rest_route=\/wp\/v2\/pages\/297\/revisions\/299"}],"wp:attachment":[{"href":"https:\/\/mainznagelstudio.de\/index.php?rest_route=%2Fwp%2Fv2%2Fmedia&parent=297"}],"curies":[{"name":"wp","href":"https:\/\/api.w.org\/{rel}","templated":true}]}}